{"id":10,"date":"2016-05-16T17:45:00","date_gmt":"2016-05-16T16:45:00","guid":{"rendered":"http:\/\/www.clic-chanteraine.com\/wordpress\/?page_id=10"},"modified":"2020-12-16T22:23:38","modified_gmt":"2020-12-16T21:23:38","slug":"nos-equipements","status":"publish","type":"page","link":"http:\/\/www.clic-chanteraine.com\/wordpress\/?page_id=10","title":{"rendered":"Nos \u00e9quipements"},"content":{"rendered":"<p><a href=\"http:\/\/www.clic-chanteraine.com\/wordpress\/wp-content\/uploads\/2016\/05\/20141013_155823-2-1280x960-e1463560960445.jpg\"><img decoding=\"async\" loading=\"lazy\" class=\"alignleft wp-image-46 size-medium\" src=\"http:\/\/www.clic-chanteraine.com\/wordpress\/wp-content\/uploads\/2016\/05\/20141013_155823-2-1280x960-e1463560960445-300x225.jpg\" alt=\"20141013_155823 (2) (1280x960)\" width=\"300\" height=\"225\" srcset=\"http:\/\/www.clic-chanteraine.com\/wordpress\/wp-content\/uploads\/2016\/05\/20141013_155823-2-1280x960-e1463560960445-300x225.jpg 300w, http:\/\/www.clic-chanteraine.com\/wordpress\/wp-content\/uploads\/2016\/05\/20141013_155823-2-1280x960-e1463560960445-1024x768.jpg 1024w, http:\/\/www.clic-chanteraine.com\/wordpress\/wp-content\/uploads\/2016\/05\/20141013_155823-2-1280x960-e1463560960445.jpg 1280w\" sizes=\"(max-width: 300px) 100vw, 300px\" \/><\/a><\/p>\n<p style=\"text-align: justify;\">CliC utilise \u00e0 la fois ses \u00e9quipements propres et les \u00e9quipements mis \u00e0 sa disposition dans la salle informatique par la Commune Nouvelle de Charny Or\u00e9e-de-Puisaye (CN).<\/p>\n<p style=\"text-align: justify;\">Vous trouverez, dans les pages de ce menu, le d\u00e9tail des \u00e9quipements. Appartiennent \u00e0 la CN : <a href=\"http:\/\/www.clic-chanteraine.com\/?page_id=86\">La baie r\u00e9seau<\/a>, la LiveBox, Le switch 48 ports, le vid\u00e9oprojecteur, l&#8217;ensemble du mobilier\u00a0et le poste de travail de l&#8217;animateur.<\/p>\n<p style=\"text-align: justify;\">Le reste des mat\u00e9riels sont propri\u00e9t\u00e9 de l&#8217;association qui, petit \u00e0 petit selon ses disponibilit\u00e9s, acquiert les outils propres a am\u00e9liorer son fonctionnement. Les plus importants ont \u00e9t\u00e9 la cam\u00e9ra de vid\u00e9o-surveillance, le routeur, le Disque NAS et les disques externes de stockage auxquels il faut ajouter divers petits accessoires.<\/p>\n<p style=\"text-align: justify;\">A noter que, pour ce qui concerne le parc <a href=\"http:\/\/www.clic-chanteraine.com\/?page_id=98\">d&#8217;ordinateurs portables<\/a>, la propri\u00e9t\u00e9 en a \u00e9t\u00e9 transf\u00e9r\u00e9e de la CN \u00e0 CliC en 2015.<\/p>\n","protected":false},"excerpt":{"rendered":"<p>CliC utilise \u00e0 la fois ses \u00e9quipements propres et les \u00e9quipements mis \u00e0 sa disposition dans la salle informatique par la Commune Nouvelle de Charny Or\u00e9e-de-Puisaye (CN). Vous trouverez, dans les pages de ce menu, le d\u00e9tail des \u00e9quipements. Appartiennent \u00e0 la CN : La <a class=\"more-link\" href=\"http:\/\/www.clic-chanteraine.com\/wordpress\/?page_id=10\">Lire plus &#8230;<\/a><\/p>\n","protected":false},"author":1,"featured_media":0,"parent":0,"menu_order":0,"comment_status":"closed","ping_status":"closed","template":"","meta":{"_bbp_topic_count":0,"_bbp_reply_count":0,"_bbp_total_topic_count":0,"_bbp_total_reply_count":0,"_bbp_voice_count":0,"_bbp_anonymous_reply_count":0,"_bbp_topic_count_hidden":0,"_bbp_reply_count_hidden":0,"_bbp_forum_subforum_count":0},"_links":{"self":[{"href":"http:\/\/www.clic-chanteraine.com\/wordpress\/index.php?rest_route=\/wp\/v2\/pages\/10"}],"collection":[{"href":"http:\/\/www.clic-chanteraine.com\/wordpress\/index.php?rest_route=\/wp\/v2\/pages"}],"about":[{"href":"http:\/\/www.clic-chanteraine.com\/wordpress\/index.php?rest_route=\/wp\/v2\/types\/page"}],"author":[{"embeddable":true,"href":"http:\/\/www.clic-chanteraine.com\/wordpress\/index.php?rest_route=\/wp\/v2\/users\/1"}],"replies":[{"embeddable":true,"href":"http:\/\/www.clic-chanteraine.com\/wordpress\/index.php?rest_route=%2Fwp%2Fv2%2Fcomments&post=10"}],"version-history":[{"count":7,"href":"http:\/\/www.clic-chanteraine.com\/wordpress\/index.php?rest_route=\/wp\/v2\/pages\/10\/revisions"}],"predecessor-version":[{"id":3475,"href":"http:\/\/www.clic-chanteraine.com\/wordpress\/index.php?rest_route=\/wp\/v2\/pages\/10\/revisions\/3475"}],"wp:attachment":[{"href":"http:\/\/www.clic-chanteraine.com\/wordpress\/index.php?rest_route=%2Fwp%2Fv2%2Fmedia&parent=10"}],"curies":[{"name":"wp","href":"https:\/\/api.w.org\/{rel}","templated":true}]}}