{"id":120,"date":"2016-05-18T10:29:58","date_gmt":"2016-05-18T09:29:58","guid":{"rendered":"http:\/\/www.clic-chanteraine.com\/?page_id=120"},"modified":"2016-09-06T17:40:55","modified_gmt":"2016-09-06T16:40:55","slug":"limprimante-reseau","status":"publish","type":"page","link":"http:\/\/www.clic-chanteraine.com\/wordpress\/?page_id=120","title":{"rendered":"L&#8217;imprimante r\u00e9seau"},"content":{"rendered":"<h3><span style=\"color: #008000;\">Ne d\u00e9truisons pas nos arbres !!<\/span><\/h3>\n<p>&nbsp;<\/p>\n<div id=\"attachment_956\" style=\"width: 310px\" class=\"wp-caption alignleft\"><a href=\"http:\/\/support.brother.com\/g\/b\/producttop.aspx?c=fr&amp;lang=fr&amp;prod=dcp375cw_all\"><img aria-describedby=\"caption-attachment-956\" decoding=\"async\" loading=\"lazy\" class=\"wp-image-956 size-medium\" src=\"http:\/\/www.clic-chanteraine.com\/wordpress\/wp-content\/uploads\/2016\/05\/brother-300x180.jpg\" alt=\"brother\" width=\"300\" height=\"180\" srcset=\"http:\/\/www.clic-chanteraine.com\/wordpress\/wp-content\/uploads\/2016\/05\/brother-300x180.jpg 300w, http:\/\/www.clic-chanteraine.com\/wordpress\/wp-content\/uploads\/2016\/05\/brother.jpg 600w\" sizes=\"(max-width: 300px) 100vw, 300px\" \/><\/a><p id=\"caption-attachment-956\" class=\"wp-caption-text\">Notre imprimante r\u00e9seau Brother<\/p><\/div>\n<p>CliC est tr\u00e8s respectueux de l&#8217;environnement et l&#8217;informatique doit permettre de r\u00e9duire consid\u00e9rablement l&#8217;utilisation du papier. Nous militons depuis le d\u00e9but de la cr\u00e9ation de l&#8217;association, pour un bureau &#8220;sans papier&#8221;. Nous invitons r\u00e9guli\u00e8rement nos membres \u00e0 se poser la question, \u00e0 chaque impression, &#8230; est-elle utile ? Et la r\u00e9ponse est tr\u00e8s souvent: non !<\/p>\n<p>Ainsi donc, une seule imprimante est dans la salle et .. suffit amplement. Elle est destin\u00e9e aux d\u00e9monstrations de param\u00e9trage, d&#8217;installation mais tr\u00e8s rarement d&#8217;impression. Nous pr\u00e9f\u00e9rons mille fois nous arr\u00eater aux &#8220;aper\u00e7us avant impression&#8221;.<\/p>\n<p>Le Club n&#8217;utilise, en g\u00e9n\u00e9ral, qu&#8217;un seul jeu de cartouches d&#8217;encre par an ! Seuls les documents destin\u00e9s \u00e0 recevoir des signatures sont imprim\u00e9s. Exemple: les feuilles de pr\u00e9sence, qui sont \u00e9marg\u00e9s par tous les participants \u00e0 une r\u00e9union, les bulletins d&#8217;adh\u00e9sion, les cartes de membres.<\/p>\n<p>L&#8217;imprimante utilis\u00e9e, une <a href=\"http:\/\/support.brother.com\/g\/b\/producttop.aspx?c=fr&amp;lang=fr&amp;prod=dcp375cw_all\" target=\"_blank\">Brother DCP 375cw<\/a> a 7 ans d&#8217;\u00e2ge. Elle peut \u00eatre connect\u00e9e en Wifi mais dans le cas pr\u00e9sent nous avons choisi de la connecter en Ethernet puisqu&#8217;elle dispose de ce type de connexion. Un jour peut-\u00eatre ach\u00e8terons-nous une imprimante 3D ! Mais ce n&#8217;est pas le m\u00eame sujet.<\/p>\n","protected":false},"excerpt":{"rendered":"<p>Ne d\u00e9truisons pas nos arbres !! &nbsp; CliC est tr\u00e8s respectueux de l&#8217;environnement et l&#8217;informatique doit permettre de r\u00e9duire consid\u00e9rablement l&#8217;utilisation du papier. Nous militons depuis le d\u00e9but de la cr\u00e9ation de l&#8217;association, pour un bureau &#8220;sans papier&#8221;. Nous invitons r\u00e9guli\u00e8rement nos membres \u00e0 se <a class=\"more-link\" href=\"http:\/\/www.clic-chanteraine.com\/wordpress\/?page_id=120\">Lire plus &#8230;<\/a><\/p>\n","protected":false},"author":1,"featured_media":0,"parent":0,"menu_order":0,"comment_status":"closed","ping_status":"closed","template":"","meta":{"_bbp_topic_count":0,"_bbp_reply_count":0,"_bbp_total_topic_count":0,"_bbp_total_reply_count":0,"_bbp_voice_count":0,"_bbp_anonymous_reply_count":0,"_bbp_topic_count_hidden":0,"_bbp_reply_count_hidden":0,"_bbp_forum_subforum_count":0},"_links":{"self":[{"href":"http:\/\/www.clic-chanteraine.com\/wordpress\/index.php?rest_route=\/wp\/v2\/pages\/120"}],"collection":[{"href":"http:\/\/www.clic-chanteraine.com\/wordpress\/index.php?rest_route=\/wp\/v2\/pages"}],"about":[{"href":"http:\/\/www.clic-chanteraine.com\/wordpress\/index.php?rest_route=\/wp\/v2\/types\/page"}],"author":[{"embeddable":true,"href":"http:\/\/www.clic-chanteraine.com\/wordpress\/index.php?rest_route=\/wp\/v2\/users\/1"}],"replies":[{"embeddable":true,"href":"http:\/\/www.clic-chanteraine.com\/wordpress\/index.php?rest_route=%2Fwp%2Fv2%2Fcomments&post=120"}],"version-history":[{"count":6,"href":"http:\/\/www.clic-chanteraine.com\/wordpress\/index.php?rest_route=\/wp\/v2\/pages\/120\/revisions"}],"predecessor-version":[{"id":1503,"href":"http:\/\/www.clic-chanteraine.com\/wordpress\/index.php?rest_route=\/wp\/v2\/pages\/120\/revisions\/1503"}],"wp:attachment":[{"href":"http:\/\/www.clic-chanteraine.com\/wordpress\/index.php?rest_route=%2Fwp%2Fv2%2Fmedia&parent=120"}],"curies":[{"name":"wp","href":"https:\/\/api.w.org\/{rel}","templated":true}]}}