{"id":14,"date":"2016-05-16T17:45:51","date_gmt":"2016-05-16T16:45:51","guid":{"rendered":"http:\/\/www.clic-chanteraine.com\/wordpress\/?page_id=14"},"modified":"2020-12-14T23:11:34","modified_gmt":"2020-12-14T22:11:34","slug":"espace-membre","status":"publish","type":"page","link":"http:\/\/www.clic-chanteraine.com\/wordpress\/?page_id=14","title":{"rendered":"Espace membre"},"content":{"rendered":"<div id=\"attachment_220\" style=\"width: 310px\" class=\"wp-caption alignleft\"><a href=\"http:\/\/www.clic-chanteraine.com\/?page_id=1284http:\/\/\" data-wplink-edit=\"true\"><img aria-describedby=\"caption-attachment-220\" decoding=\"async\" loading=\"lazy\" class=\"wp-image-220 size-medium\" src=\"http:\/\/www.clic-chanteraine.com\/wordpress\/wp-content\/uploads\/2016\/05\/Logo-r\u00e9duit-300x168.png\" alt=\"Logo de CliC\" width=\"300\" height=\"168\" srcset=\"http:\/\/www.clic-chanteraine.com\/wordpress\/wp-content\/uploads\/2016\/05\/Logo-r\u00e9duit-300x168.png 300w, http:\/\/www.clic-chanteraine.com\/wordpress\/wp-content\/uploads\/2016\/05\/Logo-r\u00e9duit-350x197.png 350w, http:\/\/www.clic-chanteraine.com\/wordpress\/wp-content\/uploads\/2016\/05\/Logo-r\u00e9duit-860x484.png 860w, http:\/\/www.clic-chanteraine.com\/wordpress\/wp-content\/uploads\/2016\/05\/Logo-r\u00e9duit.png 992w\" sizes=\"(max-width: 300px) 100vw, 300px\" \/><\/a><p id=\"caption-attachment-220\" class=\"wp-caption-text\">Espace Membres<\/p><\/div>\n<p style=\"text-align: justify;\">En vous connectant ici sur votre &#8220;espace membre&#8221;, vous pourrez acc\u00e9der \u00e0 des fonctionnalit\u00e9s et privil\u00e8ges propres aux adh\u00e9rents de CliC. Seuls les membres \u00e0 jour de leur cotisation peuvent consulter les pages r\u00e9serv\u00e9es. Parmi celles-ci, une seule est accessible uniquement par les membres du bureau. Il s&#8217;agit de la page de t\u00e9l\u00e9chargement des comptes-rendus des r\u00e9unions de bureau.<\/p>\n<p style=\"text-align: justify;\">Pour pouvoir vous connecter, il vous faut pr\u00e9alablement vous \u00eatre inscrit. Si cela n&#8217;est pas d\u00e9j\u00e0 fait, cliquez <a href=\"http:\/\/www.clic-chanteraine.com\/?page_id=1286\">ici<\/a>. Vous pouvez \u00e9galement vous inscrire si vous n&#8217;\u00eates pas membre de CliC. Dans ce cas, vous serez consid\u00e9r\u00e9 comme &#8220;visiteur enregistr\u00e9&#8221; mais vous n&#8217;aurez pas acc\u00e8s \u00e0 la totalit\u00e9 des services propos\u00e9s aux membres.<\/p>\n<p style=\"text-align: justify;\">Apr\u00e8s vous \u00eatre connect\u00e9, un nouveau menu apparaitra avec des rubriques sp\u00e9cifiques selon que vous \u00eates membre de CliC ou non. Ci dessous le menu r\u00e9serv\u00e9 aux membres de CliC :<\/p>\n<p><img decoding=\"async\" loading=\"lazy\" class=\"alignleft wp-image-1394 size-large\" src=\"http:\/\/www.clic-chanteraine.com\/wordpress\/wp-content\/uploads\/2016\/05\/menu-membres-1024x80.jpg\" alt=\"menu membres\" width=\"780\" height=\"61\" srcset=\"http:\/\/www.clic-chanteraine.com\/wordpress\/wp-content\/uploads\/2016\/05\/menu-membres-1024x80.jpg 1024w, http:\/\/www.clic-chanteraine.com\/wordpress\/wp-content\/uploads\/2016\/05\/menu-membres-300x23.jpg 300w, http:\/\/www.clic-chanteraine.com\/wordpress\/wp-content\/uploads\/2016\/05\/menu-membres-768x60.jpg 768w, http:\/\/www.clic-chanteraine.com\/wordpress\/wp-content\/uploads\/2016\/05\/menu-membres-1200x95.jpg 1200w, http:\/\/www.clic-chanteraine.com\/wordpress\/wp-content\/uploads\/2016\/05\/menu-membres.jpg 1213w\" sizes=\"(max-width: 780px) 100vw, 780px\" \/><\/p>\n<p>Les pages sont class\u00e9es en 5 rubriques :<\/p>\n<ul>\n<li>G\u00e9rer mon compte<\/li>\n<li>La tribu<\/li>\n<li>Espace de t\u00e9l\u00e9chargement<\/li>\n<li>Les forums<\/li>\n<li>Les services.<\/li>\n<\/ul>\n<p style=\"text-align: justify;\">Vos droits seront \u00e9galement diff\u00e9rents selon que vous appartenez ou non \u00e0 l&#8217;\u00e9quipe du site. Les membres de CliC sont les bienvenus dans la Team du site. Nous recherchons en permanence des mod\u00e9rateurs, des contributeurs et des r\u00e9dacteurs. Renseignez-vous aupr\u00e8s du web-master ou du pr\u00e9sident. Des formations seront organis\u00e9es r\u00e9guli\u00e8rement pour vous aider \u00e0 vous int\u00e9grer dans la Team.<\/p>\n<hr \/>\n","protected":false},"excerpt":{"rendered":"<p>En vous connectant ici sur votre &#8220;espace membre&#8221;, vous pourrez acc\u00e9der \u00e0 des fonctionnalit\u00e9s et privil\u00e8ges propres aux adh\u00e9rents de CliC. Seuls les membres \u00e0 jour de leur cotisation peuvent consulter les pages r\u00e9serv\u00e9es. Parmi celles-ci, une seule est accessible uniquement par les membres du <a class=\"more-link\" href=\"http:\/\/www.clic-chanteraine.com\/wordpress\/?page_id=14\">Lire plus &#8230;<\/a><\/p>\n","protected":false},"author":1,"featured_media":0,"parent":0,"menu_order":0,"comment_status":"closed","ping_status":"closed","template":"","meta":{"_bbp_topic_count":0,"_bbp_reply_count":0,"_bbp_total_topic_count":0,"_bbp_total_reply_count":0,"_bbp_voice_count":0,"_bbp_anonymous_reply_count":0,"_bbp_topic_count_hidden":0,"_bbp_reply_count_hidden":0,"_bbp_forum_subforum_count":0},"_links":{"self":[{"href":"http:\/\/www.clic-chanteraine.com\/wordpress\/index.php?rest_route=\/wp\/v2\/pages\/14"}],"collection":[{"href":"http:\/\/www.clic-chanteraine.com\/wordpress\/index.php?rest_route=\/wp\/v2\/pages"}],"about":[{"href":"http:\/\/www.clic-chanteraine.com\/wordpress\/index.php?rest_route=\/wp\/v2\/types\/page"}],"author":[{"embeddable":true,"href":"http:\/\/www.clic-chanteraine.com\/wordpress\/index.php?rest_route=\/wp\/v2\/users\/1"}],"replies":[{"embeddable":true,"href":"http:\/\/www.clic-chanteraine.com\/wordpress\/index.php?rest_route=%2Fwp%2Fv2%2Fcomments&post=14"}],"version-history":[{"count":19,"href":"http:\/\/www.clic-chanteraine.com\/wordpress\/index.php?rest_route=\/wp\/v2\/pages\/14\/revisions"}],"predecessor-version":[{"id":3441,"href":"http:\/\/www.clic-chanteraine.com\/wordpress\/index.php?rest_route=\/wp\/v2\/pages\/14\/revisions\/3441"}],"wp:attachment":[{"href":"http:\/\/www.clic-chanteraine.com\/wordpress\/index.php?rest_route=%2Fwp%2Fv2%2Fmedia&parent=14"}],"curies":[{"name":"wp","href":"https:\/\/api.w.org\/{rel}","templated":true}]}}