{"id":90,"date":"2016-05-18T10:20:48","date_gmt":"2016-05-18T09:20:48","guid":{"rendered":"http:\/\/www.clic-chanteraine.com\/?page_id=90"},"modified":"2020-12-14T22:34:37","modified_gmt":"2020-12-14T21:34:37","slug":"la-livebox-internet","status":"publish","type":"page","link":"http:\/\/www.clic-chanteraine.com\/wordpress\/?page_id=90","title":{"rendered":"La Livebox internet"},"content":{"rendered":"<h3><span style=\"color: #008000;\">Une Livebox p\u00e9rim\u00e9e en cours de remplacement<\/span><\/h3>\n<p style=\"text-align: justify;\"><img decoding=\"async\" loading=\"lazy\" class=\"alignleft wp-image-949 size-full\" src=\"http:\/\/www.clic-chanteraine.com\/wordpress\/wp-content\/uploads\/2016\/05\/livebox-pro-v2.jpg\" alt=\"livebox pro v2\" width=\"340\" height=\"340\" srcset=\"http:\/\/www.clic-chanteraine.com\/wordpress\/wp-content\/uploads\/2016\/05\/livebox-pro-v2.jpg 340w, http:\/\/www.clic-chanteraine.com\/wordpress\/wp-content\/uploads\/2016\/05\/livebox-pro-v2-150x150.jpg 150w, http:\/\/www.clic-chanteraine.com\/wordpress\/wp-content\/uploads\/2016\/05\/livebox-pro-v2-300x300.jpg 300w, http:\/\/www.clic-chanteraine.com\/wordpress\/wp-content\/uploads\/2016\/05\/livebox-pro-v2-200x200.jpg 200w\" sizes=\"(max-width: 340px) 100vw, 340px\" \/>Lors du premier abonnement internet, demand\u00e9 \u00e0 l&#8217;\u00e9poque par les responsables de la Communaut\u00e9 de Communes des C\u00f4teaux de la Chanteraine, Orange nous a fourni une LiveBox Pro mod\u00e8le V2 (Alors que le mod\u00e8le V3 \u00e9tait d\u00e9j\u00e0 disponible). Ce mod\u00e8le de LiveBox est reconnu, par tous les professionnels, comme insuffisant, buggu\u00e9 et incapable d&#8217;ex\u00e9cuter correctement certaines t\u00e2ches sur un r\u00e9seau d\u00e9velopp\u00e9. Ainsi le serveur DHCP fonctionne quand il veut bien, le Wifi a une port\u00e9e tr\u00e8s insuffisante et la gestion en local d&#8217;un site Web impossible car cette machine ne g\u00e8re pas le LoopBack. Ainsi toute connexion interne sur le port 80 arrive irr\u00e9m\u00e9diablement sur l&#8217;interface de la LiveBox. Pour pallier \u00e0 une partie de ces insuffisance, CliC a mis en place un routeur <a href=\"http:\/\/www.clic-chanteraine.com\/?page_id=94\">Netgear<\/a>.<\/p>\n<p style=\"text-align: justify;\">Nous allons enfin pouvoir bient\u00f4t en changer. Consultez l&#8217;article que nous venons de publier ici: <a href=\"http:\/\/www.clic-chanteraine.com\/?p=676\">Une nouvelle LiveBox est command\u00e9e<\/a>.<\/p>\n<p style=\"text-align: justify;\">De plus sa conformation fait qu&#8217;elle est difficile \u00e0 placer dans le baie r\u00e9seau les boutons utiles se trouvant sur la face arri\u00e8re. Bravo Orange !<\/p>\n","protected":false},"excerpt":{"rendered":"<p>Une Livebox p\u00e9rim\u00e9e en cours de remplacement Lors du premier abonnement internet, demand\u00e9 \u00e0 l&#8217;\u00e9poque par les responsables de la Communaut\u00e9 de Communes des C\u00f4teaux de la Chanteraine, Orange nous a fourni une LiveBox Pro mod\u00e8le V2 (Alors que le mod\u00e8le V3 \u00e9tait d\u00e9j\u00e0 disponible). <a class=\"more-link\" href=\"http:\/\/www.clic-chanteraine.com\/wordpress\/?page_id=90\">Lire plus &#8230;<\/a><\/p>\n","protected":false},"author":1,"featured_media":0,"parent":0,"menu_order":0,"comment_status":"closed","ping_status":"closed","template":"","meta":{"_bbp_topic_count":0,"_bbp_reply_count":0,"_bbp_total_topic_count":0,"_bbp_total_reply_count":0,"_bbp_voice_count":0,"_bbp_anonymous_reply_count":0,"_bbp_topic_count_hidden":0,"_bbp_reply_count_hidden":0,"_bbp_forum_subforum_count":0},"_links":{"self":[{"href":"http:\/\/www.clic-chanteraine.com\/wordpress\/index.php?rest_route=\/wp\/v2\/pages\/90"}],"collection":[{"href":"http:\/\/www.clic-chanteraine.com\/wordpress\/index.php?rest_route=\/wp\/v2\/pages"}],"about":[{"href":"http:\/\/www.clic-chanteraine.com\/wordpress\/index.php?rest_route=\/wp\/v2\/types\/page"}],"author":[{"embeddable":true,"href":"http:\/\/www.clic-chanteraine.com\/wordpress\/index.php?rest_route=\/wp\/v2\/users\/1"}],"replies":[{"embeddable":true,"href":"http:\/\/www.clic-chanteraine.com\/wordpress\/index.php?rest_route=%2Fwp%2Fv2%2Fcomments&post=90"}],"version-history":[{"count":5,"href":"http:\/\/www.clic-chanteraine.com\/wordpress\/index.php?rest_route=\/wp\/v2\/pages\/90\/revisions"}],"predecessor-version":[{"id":3433,"href":"http:\/\/www.clic-chanteraine.com\/wordpress\/index.php?rest_route=\/wp\/v2\/pages\/90\/revisions\/3433"}],"wp:attachment":[{"href":"http:\/\/www.clic-chanteraine.com\/wordpress\/index.php?rest_route=%2Fwp%2Fv2%2Fmedia&parent=90"}],"curies":[{"name":"wp","href":"https:\/\/api.w.org\/{rel}","templated":true}]}}